er?
True
Suppose -71799849 - 19989531 = -206*f - 2252098. Is f a composite number?
False
Is 272/(-72) + 4 + 651787/9 prime?
True
Is 8*1 + 119 + 45876 prime?
False
Let n = -16532 + 46047. Let u = -13260 + n. Is u prime?
False
Suppose 2*d - 1155 = -3*f + 7860, 5*f = 4*d + 15003. Let o = -1346 + f. Is o composite?
False
Let g be (28/6)/((-6)/27). Let p = g + 23. Suppose -a = -p*z - 311, -a + z - 898 = -4*a. Is a composite?
True
Let z(g) = 666*g**2 + 23*g - 131. Is z(8) composite?
False
Let a = -166156 - -243627. Is a a prime number?
True
Let r = -267258 + 659929. Is r prime?
False
Let v = 4779 - 378. Suppose t + j - 4433 = 4*j, t + 5*j = v. Is t composite?
False
Suppose 6*u - 26*u = -4880. Suppose 0 = 19*f - 16*f - 2*l - 391, -2*f + u = 2*l. Is f prime?
True
Let h = -39 - -42. Suppose -2*k + 3*k + h*k = 0. Suppose k = -g + 556 + 423. Is g composite?
True
Suppose 2*x = -c + 2, -4*c = 2*x - 7*x + 31. Let n be (10/x)/(0 - 5/120). Let p = 499 + n. Is p a composite number?
False
Suppose -104*x + 178*x = 115*x - 16811189. Is x composite?
False
Let l(o) = -o**2 - 11*o + 5. Let h(s) = -4*s**2 + 6*s - 7. Let p be h(2). Let j be l(p). Suppose 0 = 5*n + 5*a - 640, -2*n - 3*n = -j*a - 670. Is n prime?
True
Let b = -26771 - -64608. Is b a composite number?
True
Let j(a) = -61*a**3 - a**2 + 5*a + 57. Let t(s) = -s**3. Let o(y) = j(y) - 5*t(y). Is o(-7) prime?
True
Let w(t) = 527*t**2 - 8*t. Let f be w(-3). Suppose 0 = 4*l - b - f, 0*b - 5955 = -5*l + 2*b. Is l composite?
False
Let f = 53453 - -46976. Is f a composite number?
True
Let k(l) = l + 15*l**2 + 8*l**2 + 0*l**2 - 19. Is k(6) composite?
True
Let c be 0 + (-10)/4*(-64)/(-80). Is 5/(30/(-4587))*c a prime number?
False
Suppose 258466 = 55*w - 4045508 + 493519. Is w a composite number?
True
Suppose -274*k - 23046892 = -318*k. Is k a prime number?
True
Let z be (-1 + 2)*(13 - 17). Let c be (z/(-18))/(4/36). Suppose c*k + 3*k - 995 = 0. Is k a prime number?
True
Suppose -120314 = -9*i + 26674. Suppose 2*l + z - 449 = 7717, 4*l - i = -z. Is l composite?
True
Let y(p) = p**2 - 2*p + 2. Let c be y(2). Suppose c = -3*i + 14. Suppose -4871 = -4*l - 3*h, -4*l + i*h + 5352 - 488 = 0. Is l composite?
False
Let d(k) = k**3 + 23*k**2 - 22*k + 46. Let l be d(-24). Is ((-6365)/(-10))/(l/(-4)) a composite number?
True
Let p(v) = -v**3 - v**2 + 6*v - 8. Let x be p(-8). Suppose 1368 = 2*r + x. Let y = -117 + r. Is y a prime number?
False
Let g = -18201 + 29006. Suppose 2*f = 3*d + 4322, -3*d + g = 5*f + d. Is f composite?
False
Let w(v) = 28*v**2 + 9*v + 22. Let q(n) = n + 37. Let g be q(-20). Suppose -4*m + 1 = -4*s + 9, -4*s = m + g. Is w(m) prime?
True
Let l(m) = m**3 + 5*m**2 + 4*m + 1. Let z be l(-4). Let f(j) = 10*j - 701*j**3 + 211*j**3 - 552*j**3 + 2*j**2 - 8*j + z. Is f(-1) composite?
True
Let v be (-8)/(-6)*(-48)/(-32). Suppose v*i = -4*u + 74, -4 = -3*u + i + 44. Suppose 2109 + 1036 = u*z. Is z composite?
True
Let x be 6/9 + -1 + 4064/6. Let r = 332 - x. Let q = 362 - r. Is q prime?
False
Let c(b) = -b - 12. Let q be c(-17). Suppose m + g - 19 = q*g, 4*m + 3*g = 0. Is (m/6)/(1/42) a prime number?
False
Suppose j - 5*t = 2*j - 5, -3*j - t = -43. Suppose j = -5*z, -z - 4*z - 13 = c. Suppose -3*n + 364 = -2*w, 0*n - n = -c*w - 120. Is n prime?
False
Let w be (0 - -2 - -2)*(-46891)/(-52). Suppose 0 = 2*y + 725 - w. Is y prime?
False
Suppose -q - 1469280 - 1404589 = -2*i, 0 = 5*i + 5*q - 7184680. Is i composite?
True
Let b be (5 - -5)/(5 + -3). Suppose -5*a - 3*y = -6580, -b*a + 3159 = -5*y - 3461. Is a a composite number?
False
Let a be -2 + (3 - 2) + 16 + -6. Suppose -14913 = -a*f - 0*f. Is f prime?
True
Let c be 6 + 8/(-4)*91. Suppose z - 230 = 155. Let l = z + c. Is l a prime number?
False
Let d be 485/(-55) + (2 - (-72)/(-33)). Let g(j) = -9*j**3 + 3*j**2 + 10*j + 17. Is g(d) a prime number?
False
Let z(o) be the first derivative of -296*o**2 + 77*o - 73. Is z(-6) prime?
False
Let a = 124 + -110. Suppose 4867 = a*w - 831. Is w a prime number?
False
Suppose -2*g + 2039211 = 5*l, 2*g - 507183 = -2*l + 308511. Is l composite?
True
Let u(x) = -x**3 + 14*x**2 - 12*x - 11. Let i be u(13). Let m(w) = 3 - 4 + w - 50*w**2 + 243*w**i + 106*w**2. Is m(1) a prime number?
False
Let q(l) = 576*l**3 + 3*l**2 + 10*l - 22. Let g be 17/7 - -3*8/(-56). Is q(g) a composite number?
True
Suppose 4*a + 86 = 66. Let z(v) = -22*v**3 - v**2 + 21*v + 49. Is z(a) composite?
True
Suppose 278*r - 30394032 = 100*r + 130*r. Is r a prime number?
True
Let f(b) = 21*b + 271. Let w be f(-13). Let y(g) = -1484*g - 50. Is y(w) composite?
True
Let q(f) = f**3 + 2*f**2 + 2*f - 1986. Let o be q(0). Let v = o + 4277. Is v prime?
False
Is -7 + (-286)/(-44) + (-22198)/(-4) a prime number?
False
Let i = 169104 + 13865. Is i a composite number?
False
Suppose -a = -64465 - 146142. Is a composite?
True
Let f = -22563 - -44534. Is f a prime number?
False
Let u(h) = h**3 + 105*h**2 - 115*h + 542. Is u(-101) a composite number?
True
Suppose j + 2*u = 14, 2*j + 0*u + 12 = 4*u. Suppose -j*p - 5*z - 9260 = -7*p, 5*p + 2*z = 15485. Is p a prime number?
False
Let u = 5061942 + -2306341. Is u composite?
False
Let n = -282 + 414. Let x = n + -135. Is (-4 - (x - 909)) + 5 a prime number?
False
Suppose -475 = -8*h + 1045. Let f = 11 + h. Is f a composite number?
True
Suppose 5*b + 12 = -4*i, -i + 4 = -4*b + 7. Suppose b = 3*q - 5*r - 22637, -3*q - 2*q + 3*r + 37755 = 0. Suppose -q = -3*u - 3*u. Is u a prime number?
True
Let m = -1152 - -4271. Let i = -2212 + m. Is i a prime number?
True
Let f(b) = 7824*b + 361. Is f(25) a composite number?
True
Suppose -123129 = -3*n + 4*z, 39*n - 2*z = 42*n - 123147. Is n a composite number?
False
Suppose -4*v + 1618 = 2*a, -10*v + 9*v + 387 = 4*a. Is v a composite number?
True
Let m be ((-8)/1 + 3)*28/(-20). Suppose 11*g - m = 59. Is (-3)/30*g - 4096/(-10) prime?
True
Let n(t) = -9*t + 21. Let p be n(15). Let u = p + 122. Is ((-1134)/u - 1)/(1/(-4)) a prime number?
True
Suppose -43*l + 980100 = -38*l. Suppose -17*w + l = -31729. Is w a composite number?
False
Is 2/(-13) - 28876815/(-715) a prime number?
True
Suppose 8705 - 270 = -i. Let b = 2893 + i. Let u = b - -8199. Is u composite?
False
Suppose -2*o - 3*k = -19805, 78*o + 29706 = 81*o + 3*k. Is o prime?
True
Suppose -10271 - 259833 = 28*z - 36*z. Is z composite?
True
Suppose 0 = 5*u - 7*h + 4*h + 27, -4*h - 4 = 0. Is ((-218)/2)/(u/6) composite?
False
Suppose 8 = 2*w - 6*w. Let q(f) = -4*f**3 - 49*f**2 + 38*f - 15. Let h be q(-13). Is (11045/5)/(h/w) a composite number?
True
Let s(i) = 12*i + 34 - 116*i - 15. Is s(-3) a prime number?
True
Suppose 0 = 17*o - 12*o - 92495. Is o prime?
False
Suppose -4*k = 3*h - 77102 - 49076, -4*h - 24 = 0. Is k a composite number?
True
Let h = -343 + 587. Let k = 723 - h. Is k a prime number?
True
Is (-26 + 25)/((-4)/157364) a composite number?
False
Suppose -211*u = -11409550 - 7949067. Is u composite?
True
Let a be ((-6)/(-15))/(5/(-50)). Is 1865*(-7)/(a + -3) prime?
False
Suppose 0 = 5*b + 9*m - 5*m + 44698, 0 = -4*b - m - 35765. Let c = b - -15775. Is c a prime number?
True
Let p(a) = 7 - 46*a - 50*a - 21*a - 57*a + 4*a. Is p(-9) a composite number?
True
Let s(x) = x**2 - 14*x + 16. Let o be s(0). Suppose -20*i + 5976 = o*i. Is i a composite number?
True
Suppose 4*k + 12944 = 67516. Suppose w = -3*y + k, -5*w + 4*y - 3*y = -68247. Is w prime?
True
Let i = 139 + -136. Suppose -5*t - 2*b = -142, 0 = -t + i*t - 4*b - 76. Suppose -3*h + t = 7*h. Is h a composite number?
False
Let c(k) be the third derivative of k**5/10 - k**4/3 + 23*k**3/2 + 139*k**2. Is c(-37) prime?
False
Let r be (8/(-24))/(4/(-2124)). Suppose r*q - 28989 = 168*q. Is q composite?
False
Let f be 13 - -8042 - (-4 + 0). Suppose 81*p - 80*p = f. Is p a composite number?
False
Suppose 34*b - 260*b = -14*b - 12137636. Is b composite?
True
Let q = 201 + -205. Let j(y) = -405*y - 59. Is j(q) composite?
True
Let d(f) = -1675*f + 1907. Is d(-32) prime?
False
Let h(b) = -2177*b - 1964. Is h(-29) composite?
False
Suppose 770 - 173 = -5*r - 2*s, -5*r - 609 = -s. Let o = r - -225. Suppose -n = 3*c - o, n + 3*n = 20. Is c a prime number?
False
Let g(k) = 19*k + 8*k**2 + 6*k**2 + 120 - 125. Let w be g(9). Let r = -567 + w. Is r a prime number?
True
Let q(h) = 5 + 13 + 6*h - 9 - 823*h**3 + 2*